{"id":38,"date":"2018-01-19T17:42:36","date_gmt":"2018-01-19T17:42:36","guid":{"rendered":"http:\/\/torrijos1831.com\/?page_id=38"},"modified":"2021-07-14T11:58:15","modified_gmt":"2021-07-14T11:58:15","slug":"asociacion-torrijos-1831","status":"publish","type":"page","link":"http:\/\/www.torrijos1831.com\/?page_id=38","title":{"rendered":"ASOCIACI\u00d3N TORRIJOS 1831"},"content":{"rendered":"<p><strong><span style=\"color: #000000;\">ASOCIACI\u00d3N HIST\u00d3RICO CULTURAL TORRIJOS 1831<\/span><\/strong><\/p>\n<p><strong><span style=\"color: #000000;\">ANTECEDENTES<\/span><\/strong><\/p>\n<p><strong><span style=\"color: #000000;\">Como ya se ha citado en la pesta\u00f1a \u201cANTECEDENTES\u201d, la publicaci\u00f3n de los libros Del Charc\u00f3n a la Alquer\u00eda: un camino para Torrijos, y El Secreto de la Plaza de la Merced, con sus diferentes presentaciones y coloquios, as\u00ed como la labores divulgativas del Musical Torrijos y del DVD Torrijos; aglutinaron a principios de 2002, a un grupo de personas, convencidas de la necesidad de crear una Asociaci\u00f3n que, bajo el nombre de Torrijos, recuperara y mantuviera viva con actividades culturales la memoria hist\u00f3rica de Torrijos y sus compa\u00f1eros, as\u00ed como de los acontecimientos hist\u00f3ricos que protagonizaron en diciembre de 1831. Tambi\u00e9n, promover reuniones con instituciones y autoridades, para con propuestas viables, ir mejorando el p\u00e9simo estado en el que por entonces se encontraban los lugares vinculados con Torrijos, en M\u00e1laga, Alhaur\u00edn de la Torre y Mijas (Alquer\u00eda de Mollina, Refectorio del Convento de San Andr\u00e9s, Cruz de Torrijos, Cripta de la Plaza de la Merced y Playa de El Charc\u00f3n). Precisamente, de estas tres localidades citadas, eran las personas que trataban de poner en marcha la materializaci\u00f3n de esa asociaci\u00f3n hist\u00f3rico-cultural, pasando a citarlos: Jes\u00fas Rivera, Esteban Alc\u00e1ntara, Manolo Reina y Flori Sastre, eran de M\u00e1laga; Santiago Sastre resid\u00eda en Alhaur\u00edn de la Torre, y Alejandro Power viv\u00eda en Mijas. Ellos acordaron, que en la elecci\u00f3n del lugar donde estar\u00eda la primera sede de la futura asociaci\u00f3n vinculada con Torrijos, no deber\u00eda de primar la visi\u00f3n o deseo personal de cada uno, sino la implicaci\u00f3n en el proyecto y los apoyos necesarios otorgados por las instituciones y autoridades locales, y n\u00famero de personas que se sumaran al proyecto, algo todav\u00eda por ver en aquellos momentos.<\/span><\/strong><br><strong><span style=\"color: #000000;\">A mediados de 2002, ya se hab\u00edan estudiado propuestas en M\u00e1laga y Mijas. Sin embargo, una serie de circunstancias hicieron posible que el proyecto inicial terminara germinando en Alhaur\u00edn de la Torre.<\/span><\/strong><\/p>\n<p><strong><span style=\"color: #000000;\">PERIODO CONSTITUYENTE<\/span><\/strong><\/p>\n<p><strong><span style=\"color: #000000;\">En septiembre de 2002 se form\u00f3 la Comisi\u00f3n Gestora, en Alhaur\u00edn de la Torre, contando con comisionados procedentes de M\u00e1laga, Alhaur\u00edn de la Torre y Mijas, y el apoyo de la Federaci\u00f3n de AA.VV.s La Torre, que desde septiembre a diciembre de 2003, asumi\u00f3 varias funciones que a\u00fan no pod\u00eda realizar el colectivo en ciernes, durante su periodo constituyente. La Comisi\u00f3n Gestora elabor\u00f3 los estatutos del colectivo y, en octubre, dise\u00f1\u00f3 unos actos que, con el nombre de Jornadas de homenaje a Torrijos y la Constituci\u00f3n, promover\u00edan recuperar la memoria de Torrijos en las fechas hist\u00f3ricas de diciembre, en los municipios de M\u00e1laga, Alhaur\u00edn de la Torre y Mijas.<\/span><\/strong><\/p>\n<p><strong><span style=\"color: #000000;\">LEGALIZACI\u00d3N DE LA<\/span><\/strong><br><strong><span style=\"color: #000000;\">ASOCIACI\u00d3N HIST\u00d3RICO CULTURAL TORRIJOS 1831<\/span><\/strong><\/p>\n<p><strong><span style=\"color: #000000;\">La Asociaci\u00f3n Hist\u00f3rico Cultural Torrijos 1831 qued\u00f3 definitivamente legalizada en 2003, fijando su sede-museo en la barriada de Torrealquer\u00eda (por estar all\u00ed la antigua Alquer\u00eda de Mollina), con direcci\u00f3n en c\/ Sierra de Abarcuzas s\/n\u00ba Torrealquer\u00eda C.P. 29130 Alhaur\u00edn de la Torre (M\u00e1laga), y abriendo delegaciones en M\u00e1laga capital y Mijas, las tres localidades donde residen la mayor\u00eda de sus integrantes. Por ser un proyecto original y diferente cuando se fund\u00f3, tanto en sus caracter\u00edsticas como fines, escogi\u00f3 un nombre que no contraviniera lo estipulado en el punto 3, del Art\u00edculo 8 de la Ley Org\u00e1nica 1\/2002 de 22 de marzo, reguladora del Derecho de Asociaci\u00f3n: \u201cTampoco podr\u00e1 coincidir, a asemejarse de manera que pueda crear confusi\u00f3n, con ninguna previamente inscrita en el Registro que proceda su inscripci\u00f3n\u201d. Fue un nombre bien escogido, no parecido a ninguno previamente activado en la provincia de M\u00e1laga, lo que marca la originalidad de esa Asociaci\u00f3n desde su nacimiento. Con decir Torrijos se expresan derechos ciudadanos como Libertad, Justicia o Constituci\u00f3n. El a\u00f1adido 1831 es todo un manifiesto de intenciones: resaltar los sucesos de nuestra provincia en aquel a\u00f1o.<\/span><\/strong><\/p>\n<p><strong><span style=\"color: #000000;\">LOGOTIPO<\/span><\/strong><\/p>\n\n\n<p><\/p>\n\n\n\n<figure class=\"wp-block-image size-large\"><img loading=\"lazy\" width=\"505\" height=\"486\" src=\"http:\/\/www.torrijos1831.com\/wp-content\/uploads\/2020\/01\/image002-3.jpg\" alt=\"\" class=\"wp-image-2102\" srcset=\"http:\/\/www.torrijos1831.com\/wp-content\/uploads\/2020\/01\/image002-3.jpg 505w, http:\/\/www.torrijos1831.com\/wp-content\/uploads\/2020\/01\/image002-3-300x289.jpg 300w\" sizes=\"(max-width: 505px) 100vw, 505px\" \/><\/figure>\n\n\n<p>\u00a0<\/p>\n<p><strong><span style=\"color: #000000;\">Escogimos el realizado por Esteban Alc\u00e1ntara en 2002, que figur\u00f3 en el cartel en las I Jornadas de homenaje a Torrijos y la Constituci\u00f3n. Es un dibujo mejorado respecto a otro realizado en 1931, con ocasi\u00f3n del Centenario.<\/span><\/strong><\/p>\n<p><strong><span style=\"color: #000000;\">RECREACIONES HIST\u00d3RICAS PROPIAS DE LAS<\/span><\/strong><br \/><strong><span style=\"color: #000000;\"> JORNADAS DE HOMENAJE A TORRIJOS Y LA CONSTITUCI\u00d3N<\/span><\/strong><\/p>\n<p><strong><span style=\"color: #000000;\">Relacionamos por los a\u00f1os en las que fueron creadas y se\u00f1alando los lugares donde se representan, las recreaciones hist\u00f3ricas inherentes a las Jornadas de homenaje a Torrijos y la Constituci\u00f3n iniciadas en diciembre de 2002, son las siguientes:<\/span><\/strong><\/p>\n<p><strong><span style=\"color: #000000;\">2002: Cuerda de Presos. Torrealquer\u00eda (Alhaur\u00edn de la Torre).<\/span><\/strong><br \/><strong><span style=\"color: #000000;\"> 2003: Desembarco de Torrijos en la playa de El Charc\u00f3n. Cala de Mijas.<\/span><\/strong><br \/><strong><span style=\"color: #000000;\"> 2003: Marcha por la Ruta de Torrijos. Mijas-Alhaur\u00edn de la Torre.<\/span><\/strong><br \/><strong><span style=\"color: #000000;\"> 2003: Ofrenda en la Cruz de El Bulto y recreaci\u00f3n del Cuadro de Gisbert. M\u00e1laga<\/span><\/strong><br \/><strong><span style=\"color: #000000;\"> 2003: R\u00e9quiem por Torrijos en la Plaza de la Merced. M\u00e1laga.<\/span><\/strong><br \/><strong><span style=\"color: #000000;\"> 2004: Homenaje a Robert Boyd en el Cementerio Ingl\u00e9s. M\u00e1laga.<\/span><\/strong><br \/><strong><span style=\"color: #000000;\"> 2005: Honores a Torrijos y la Constituci\u00f3n. Alhaur\u00edn de la Torre. 2006: Cerco y rendici\u00f3n de la Alquer\u00eda. Torrealquer\u00eda (Alhaur\u00edn de la Torre). 2013: Fusilamiento de Torrijos y sus compa\u00f1eros en la Plaza de la Merced. M\u00e1laga<\/span><\/strong><br \/><strong><span style=\"color: #000000;\"> 2019: Marchando hacia la muerte. Itinerario desde el Refectorio a la Cruz de El Bulto.<\/span><\/strong><\/p>\n<p><strong><span style=\"color: #000000;\">APOYO DE LOS DESCENDIENTES DE LAS FAMILIAS DE LOS H\u00c9ROES:<\/span><\/strong><\/p>\n<p><strong><span style=\"color: #000000;\">Los descendientes de las familias de Torrijos, L\u00f3pez Pinto, Flores Calder\u00f3n, Fern\u00e1ndez Golf\u00edn y Robert Boyd, han apoyado con presencia y medios, tanto a la Asociaci\u00f3n Hist\u00f3rico Cultural Torrijos 1831 como a las Jornadas de homenaje a Torrijos y la Constituci\u00f3n. Nuestra amistad con ellos contin\u00faa.<\/span><\/strong><\/p>\n<p><strong><span style=\"color: #000000;\">EL LOGRO DEL CENTRO DE INTERPRETACI\u00d3N HIST\u00d3RICO<\/span><\/strong><br \/><strong><span style=\"color: #000000;\"> JOS\u00c9 MAR\u00cdA TORRIJOS<\/span><\/strong><br \/><strong><span style=\"color: #000000;\"> EN EL REFECTORIO, JUNTO A LA PLAZA DE LA LIBERTAD,<\/span><\/strong><br \/><strong><span style=\"color: #000000;\"> EN EL PERCHEL (M\u00c1LAGA)<\/span><\/strong><\/p>\n<p><strong><span style=\"color: #000000;\">Uno de los objetivos m\u00e1s importantes en los que la Asociaci\u00f3n Hist\u00f3rico Cultural Torrijos 1831 se ha empe\u00f1ado desde 2002, ha sido la completa restauraci\u00f3n del Refectorio del antiguo convento carmelitano de San Andr\u00e9s, en el popular barrio de El Perchel (M\u00e1laga), por ser el lugar donde Torrijos y sus compa\u00f1eros pasaron su \u00faltima noche antes de morir el 11 de diciembre en las playas de San Andr\u00e9s. Ese deseo se vio cumplido a principios de 2018, gracias a la decisi\u00f3n y capacidad de gesti\u00f3n del Ayuntamiento de M\u00e1laga, presidido por el alcalde Francisco de la Torre. Atr\u00e1s quedaban reuniones y propuestas de nuestro colectivo con las autoridades malacitanas, siempre bien atendidas y consideradas. Pero los logros no quedaron s\u00f3lo ah\u00ed, pues junto a ello naci\u00f3 el proyecto de crear el Centro de Interpretaci\u00f3n Hist\u00f3rico Jos\u00e9 Mar\u00eda Torrijos en su interior que, de forma permanente, sirviera para la memoria de Torrijos y sus compa\u00f1eros, decidiendo el equipo de gobierno que fueran los integrantes de la Asociaci\u00f3n Torrijos 1831, por su dedicaci\u00f3n a aquellos personajes durante 17 a\u00f1os, los que se encargaran de la vida cultural del Centro y de su gesti\u00f3n, aportando adem\u00e1s el colectivo una gran parte de su cuidado patrimonio. El Centro de Interpretaci\u00f3n Hist\u00f3rico Jos\u00e9 Mar\u00eda Torrijos fue inaugurado el lunes 10 de diciembre de 2018, coincidiendo con la fecha hist\u00f3rica en la que Torrijos y sus compa\u00f1eros fueron ingresados en el Refectorio.<\/span><\/strong><\/p>\n<p><strong><span style=\"color: #000000;\">EL MAYOR PATRIMONIO SOBRE TORRIJOS EN ANDALUC\u00cdA<\/span><\/strong><\/p>\n<p><strong><span style=\"color: #000000;\">La Asociaci\u00f3n Torrijos 1831 posee el mayor patrimonio sobre Torrijos y sus compa\u00f1eros en Andaluc\u00eda (bustos, cuadros, maquetas, uniformidades, relieves, y un total de 36 banderas entregadas por diversas instituciones y entidades). Tambi\u00e9n, posee el Archivo Hist\u00f3rico Torrijos m\u00e1s importante en Andaluc\u00eda.<\/span><\/strong><br \/><\/p>","protected":false},"excerpt":{"rendered":"<p>ASOCIACI\u00d3N HIST\u00d3RICO CULTURAL TORRIJOS 1831 ANTECEDENTES Como ya se ha citado en la pesta\u00f1a \u201cANTECEDENTES\u201d, la publicaci\u00f3n de los libros Del Charc\u00f3n a la Alquer\u00eda: un camino para Torrijos, y El Secreto de la Plaza de la Merced, con sus diferentes presentaciones y coloquios, as\u00ed como la labores divulgativas del Musical Torrijos y del DVD&#8230;<\/p>\n","protected":false},"author":1,"featured_media":0,"parent":0,"menu_order":0,"comment_status":"closed","ping_status":"closed","template":"","meta":[],"_links":{"self":[{"href":"http:\/\/www.torrijos1831.com\/index.php?rest_route=\/wp\/v2\/pages\/38"}],"collection":[{"href":"http:\/\/www.torrijos1831.com\/index.php?rest_route=\/wp\/v2\/pages"}],"about":[{"href":"http:\/\/www.torrijos1831.com\/index.php?rest_route=\/wp\/v2\/types\/page"}],"author":[{"embeddable":true,"href":"http:\/\/www.torrijos1831.com\/index.php?rest_route=\/wp\/v2\/users\/1"}],"replies":[{"embeddable":true,"href":"http:\/\/www.torrijos1831.com\/index.php?rest_route=%2Fwp%2Fv2%2Fcomments&post=38"}],"version-history":[{"count":6,"href":"http:\/\/www.torrijos1831.com\/index.php?rest_route=\/wp\/v2\/pages\/38\/revisions"}],"predecessor-version":[{"id":3063,"href":"http:\/\/www.torrijos1831.com\/index.php?rest_route=\/wp\/v2\/pages\/38\/revisions\/3063"}],"wp:attachment":[{"href":"http:\/\/www.torrijos1831.com\/index.php?rest_route=%2Fwp%2Fv2%2Fmedia&parent=38"}],"curies":[{"name":"wp","href":"https:\/\/api.w.org\/{rel}","templated":true}]}}