{"id":1527,"date":"2019-11-24T19:50:46","date_gmt":"2019-11-24T19:50:46","guid":{"rendered":"http:\/\/www.torrijos1831.com\/?page_id=1527"},"modified":"2022-10-09T18:28:08","modified_gmt":"2022-10-09T18:28:08","slug":"videos","status":"publish","type":"page","link":"https:\/\/www.torrijos1831.com\/?page_id=1527","title":{"rendered":"VIDEOS"},"content":{"rendered":"\n<figure class=\"wp-block-embed is-type-video is-provider-youtube wp-block-embed-youtube wp-embed-aspect-16-9 wp-has-aspect-ratio\"><div class=\"wp-block-embed__wrapper\">\n<iframe title=\"V RECREACION HISTORIA JOSE MARIA EL TEMPRANILLO:  ASOCIACION HISTORICO CULTUTAL TORRIJOS 1831\" width=\"640\" height=\"360\" src=\"https:\/\/www.youtube.com\/embed\/mrB-8zbZ_uc?feature=oembed\" frameborder=\"0\" allow=\"accelerometer; autoplay; clipboard-write; encrypted-media; gyroscope; picture-in-picture\" allowfullscreen><\/iframe>\n<\/div><\/figure>\n\n\n\n<figure class=\"wp-block-embed is-type-video is-provider-youtube wp-block-embed-youtube wp-embed-aspect-16-9 wp-has-aspect-ratio\"><div class=\"wp-block-embed__wrapper\">\n<iframe title=\"Noche en blanco 2022\" width=\"640\" height=\"360\" src=\"https:\/\/www.youtube.com\/embed\/-r5Rp2sqgIU?feature=oembed\" frameborder=\"0\" allow=\"accelerometer; autoplay; clipboard-write; encrypted-media; gyroscope; picture-in-picture\" allowfullscreen><\/iframe>\n<\/div><\/figure>\n\n\n\n<figure class=\"wp-block-embed is-type-video is-provider-youtube wp-block-embed-youtube wp-embed-aspect-16-9 wp-has-aspect-ratio\"><div class=\"wp-block-embed__wrapper\">\n<iframe title=\"Igueriben Esteban Alc\u00e1ntara y Juan Pacheco\" width=\"640\" height=\"360\" src=\"https:\/\/www.youtube.com\/embed\/L4ia__NqiX8?feature=oembed\" frameborder=\"0\" allow=\"accelerometer; autoplay; clipboard-write; encrypted-media; gyroscope; picture-in-picture\" allowfullscreen><\/iframe>\n<\/div><\/figure>\n\n\n<p><iframe title=\"Conmemoraci\u00f3n de la muerte de Jos\u00e9 Mar\u00eda Torrijos. 11.12.2019. Plaza de la Merced. M\u00e1laga\" width=\"640\" height=\"360\" src=\"https:\/\/www.youtube.com\/embed\/3YMUu8a9OxY?feature=oembed\" frameborder=\"0\" allow=\"accelerometer; autoplay; clipboard-write; encrypted-media; gyroscope; picture-in-picture\" allowfullscreen><\/iframe><\/p>\n<p><iframe title=\"El desembarco de Torrijos - Historiskt sk\u00e5despel i Mijas\" width=\"640\" height=\"360\" src=\"https:\/\/www.youtube.com\/embed\/QWRaEoKw56w?feature=oembed\" frameborder=\"0\" allow=\"accelerometer; autoplay; clipboard-write; encrypted-media; gyroscope; picture-in-picture\" allowfullscreen><\/iframe><\/p>\n<p><iframe title=\"ACTOS HOMENAJE ANIVERSARIO FUSILAMIENTO GENERAL TORRIJOS 1831 (11-12-18)\" width=\"640\" height=\"360\" src=\"https:\/\/www.youtube.com\/embed\/Hx_ZcIuFfos?feature=oembed\" frameborder=\"0\" allow=\"accelerometer; autoplay; clipboard-write; encrypted-media; gyroscope; picture-in-picture\" allowfullscreen><\/iframe><\/p>\n\n\n<figure class=\"wp-block-embed is-type-video is-provider-youtube wp-block-embed-youtube wp-embed-aspect-16-9 wp-has-aspect-ratio\"><div class=\"wp-block-embed__wrapper\">\n<iframe title=\"ACTO 1 PLAZA MERCED HOMENAJE GENERAL TORRIJOS ASOCIACI\u00d3N TORRIJOS 1831  (INTRODUCCI\u00d3N ) 11-12-2016\" width=\"640\" height=\"360\" src=\"https:\/\/www.youtube.com\/embed\/w-OsLAv70-s?feature=oembed\" frameborder=\"0\" allow=\"accelerometer; autoplay; clipboard-write; encrypted-media; gyroscope; picture-in-picture\" allowfullscreen><\/iframe>\n<\/div><\/figure>\n\n\n\n<figure class=\"wp-block-embed is-type-video is-provider-youtube wp-block-embed-youtube wp-embed-aspect-4-3 wp-has-aspect-ratio\"><div class=\"wp-block-embed__wrapper\">\n<iframe title=\"Pel\u00edcula de Torrijos\" width=\"640\" height=\"480\" src=\"https:\/\/www.youtube.com\/embed\/AuT-Sk2iMAI?feature=oembed\" frameborder=\"0\" allow=\"accelerometer; autoplay; clipboard-write; encrypted-media; gyroscope; picture-in-picture\" allowfullscreen><\/iframe>\n<\/div><\/figure>\n\n\n\n<figure class=\"wp-block-embed is-type-video is-provider-youtube wp-block-embed-youtube wp-embed-aspect-16-9 wp-has-aspect-ratio\"><div class=\"wp-block-embed__wrapper\">\n<iframe title=\"ACTO 6 JOS\u00c9 MAR\u00cdA TORRIJOS Y URIARTE \/ PLAZA LA MERCED 11-12-2016\" width=\"640\" height=\"360\" src=\"https:\/\/www.youtube.com\/embed\/YAT9VnHyeS0?feature=oembed\" frameborder=\"0\" allow=\"accelerometer; autoplay; clipboard-write; encrypted-media; gyroscope; picture-in-picture\" allowfullscreen><\/iframe>\n<\/div><\/figure>\n\n\n\n<figure class=\"wp-block-embed is-type-video is-provider-youtube wp-block-embed-youtube wp-embed-aspect-16-9 wp-has-aspect-ratio\"><div class=\"wp-block-embed__wrapper\">\n<iframe title=\"Antonio Cord\u00f3n y Esteban Alc\u00e1ntara en &quot;La Quema de Algarrobo 2019&quot;\" width=\"640\" height=\"360\" src=\"https:\/\/www.youtube.com\/embed\/J8QBQ0z_OWo?feature=oembed\" frameborder=\"0\" allow=\"accelerometer; autoplay; clipboard-write; encrypted-media; gyroscope; picture-in-picture\" allowfullscreen><\/iframe>\n<\/div><\/figure>\n\n\n\n<figure class=\"wp-block-embed is-type-video is-provider-youtube wp-block-embed-youtube wp-embed-aspect-16-9 wp-has-aspect-ratio\"><div class=\"wp-block-embed__wrapper\">\n<iframe title=\"R\u00c9QUIEN POR TORRIJOS\" width=\"640\" height=\"360\" src=\"https:\/\/www.youtube.com\/embed\/Q-38Ff-iPVU?feature=oembed\" frameborder=\"0\" allow=\"accelerometer; autoplay; clipboard-write; encrypted-media; gyroscope; picture-in-picture\" allowfullscreen><\/iframe>\n<\/div><\/figure>\n","protected":false},"excerpt":{"rendered":"","protected":false},"author":1,"featured_media":0,"parent":0,"menu_order":0,"comment_status":"closed","ping_status":"closed","template":"","meta":[],"_links":{"self":[{"href":"https:\/\/www.torrijos1831.com\/index.php?rest_route=\/wp\/v2\/pages\/1527"}],"collection":[{"href":"https:\/\/www.torrijos1831.com\/index.php?rest_route=\/wp\/v2\/pages"}],"about":[{"href":"https:\/\/www.torrijos1831.com\/index.php?rest_route=\/wp\/v2\/types\/page"}],"author":[{"embeddable":true,"href":"https:\/\/www.torrijos1831.com\/index.php?rest_route=\/wp\/v2\/users\/1"}],"replies":[{"embeddable":true,"href":"https:\/\/www.torrijos1831.com\/index.php?rest_route=%2Fwp%2Fv2%2Fcomments&post=1527"}],"version-history":[{"count":19,"href":"https:\/\/www.torrijos1831.com\/index.php?rest_route=\/wp\/v2\/pages\/1527\/revisions"}],"predecessor-version":[{"id":3690,"href":"https:\/\/www.torrijos1831.com\/index.php?rest_route=\/wp\/v2\/pages\/1527\/revisions\/3690"}],"wp:attachment":[{"href":"https:\/\/www.torrijos1831.com\/index.php?rest_route=%2Fwp%2Fv2%2Fmedia&parent=1527"}],"curies":[{"name":"wp","href":"https:\/\/api.w.org\/{rel}","templated":true}]}}